common divisor of 63 and g.
21
Let g be (1 - 0 - -17)*2. Let p be 3/(((-2)/(-21))/(-24 + (-3738)/(-147))). Calculate the highest common divisor of g and p.
9
Let o(b) = -6*b - 3. Let y be o(-2). Suppose -y*r + 14*r = 5. Suppose 22 = 3*v + 7. Calculate the greatest common divisor of r and v.
1
Suppose 3*m - 2 - 31 = 5*b, 0 = 3*m + 3*b - 9. Suppose i = m*i - 810. Suppose -9*k = -i - 198. What is the highest common divisor of 10 and k?
10
Let s(n) = -n**3 - 27*n**2 + 55*n + 855. Let b be s(-28). What is the highest common factor of 22 and b?
11
Let m(v) = -13*v**2 - 21*v - 79. Let i be m(-5). Let h be i/(-3) + (-444)/(-36) + -12. What is the highest common divisor of h and 75?
25
Let g(c) = -c**2 + 111*c - 1510. Let h be g(18). What is the highest common factor of 76 and h?
4
Suppose -5*z + 53 + 13 = -j, 3*j + 44 = 4*z. Suppose 511 = z*d + 21. Calculate the highest common factor of 20 and d.
5
Suppose 0 = -33*g + 2122 + 1838. What is the greatest common factor of g and 120?
120
Let p(b) = -4*b**3 + 61*b**2 + 34*b + 47. Let s be p(15). Calculate the greatest common factor of s and 34.
34
Let s(t) = -t**2 + 7*t. Let a be s(7). Suppose a*o - 40 = -4*o. Suppose -170*q + 39100 = 18*q + 42*q. What is the greatest common divisor of q and o?
10
Suppose -3*a = 12, o - 307*a + 303*a - 8116 = 0. What is the highest common divisor of 54 and o?
54
Let i = -617 - -631. Suppose -8*o + 1848 = i*o. What is the greatest common divisor of 105 and o?
21
Suppose -29*m + 624 = -35*m. Let l = 107 + m. Suppose 0 = 2*k - 0*v + l*v - 471, v = 3*k - 679. Calculate the highest common divisor of 12 and k.
12
Let v(k) = 7*k + 15. Let q be v(-21). Let b = 212 + q. Suppose -11*j = -7*j - b. What is the greatest common factor of j and 10?
10
Let i be ((-30)/(-25))/(2*(-5)/(-125)). Let o be ((-20)/(-6))/(10/105). Calculate the highest common factor of i and o.
5
Let v(t) = t**3 + 4*t**2 - 25*t + 70. Let h be v(6). Suppose 3*o + 27 = -0*o. Let k be (-321)/o + (-4)/6. What is the highest common factor of k and h?
35
Let z = -20 + 17. Let r = -13 - z. Let i be (0 - r/55) + 537/11. What is the highest common factor of i and 7?
7
Let a(n) = -11*n + 12. Let c be a(-12). Suppose 3*r - 216 - c = 0. Let k = 1682 + -1658. Calculate the highest common divisor of r and k.
24
Let d(r) = -7*r - 38. Let m be d(-19). Suppose 360*o + 912 = 408*o. Calculate the highest common factor of m and o.
19
Suppose 133 = 6*y - 77. Let w be (-2)/(-5) - (-8 - (-49)/y). What is the highest common divisor of 329 and w?
7
Suppose -32 = -5*w - 17. Suppose 0 = -w*q + 150 + 330. Calculate the greatest common factor of q and 96.
32
Let m(r) = -r**3 + 8*r**2 - 75*r - 1232. Let v be m(-14). Calculate the greatest common divisor of 140 and v.
70
Let s be (-1)/(-6) - (-850)/12. Suppose -s + 209 = 3*m. Let h = m - 43. What is the greatest common divisor of 24 and h?
3
Let b(j) = 4*j**2 - 77*j - 41. Let i be b(28). Suppose -3*f + i = -540. What is the highest common factor of f and 58?
29
Let h be 5/(-15)*-9 + -1. Suppose p - 3*k - 17 = h*k, -k = 3. Suppose -p*b - 65 = -x, 25 = -2*x + b + 140. What is the greatest common factor of 5 and x?
5
Let v(n) = -2*n - 10. Let o be v(-5). Suppose 19*w - 16*w - 45 = o. Let d = -135 + 195. What is the highest common factor of d and w?
15
Suppose 65*i - 10171 - 749 = 0. Let f = -12 + 48. What is the highest common divisor of i and f?
12
Let w = -70 - -66. Let q be (-466)/w*2 - 2. Let b be (46 + 9)*(-6)/(-10). What is the greatest common factor of q and b?
33
Let n be (8 - (5 - -14)) + 18. Let h(o) = o**2 - 4. Let j be h(-5). Calculate the highest common factor of j and n.
7
Let b be 16/(-12)*(-6)/(3 - 1). Calculate the greatest common factor of 428 and b.
4
Suppose -80*c + 20*c + 114240 = 10*c. What is the highest common divisor of c and 160?
32
Let j(h) = -42*h + 81. Let g be j(-3). Let y(t) = t**2 - 2. Let i be y(-5). What is the greatest common divisor of i and g?
23
Let t be ((-4400)/(-150))/((-1)/(-27)). Calculate the greatest common divisor of t and 3762.
198
Let m = -1134 + 1184. Calculate the highest common divisor of 2180 and m.
10
Let n(z) = -8*z + 23. Let u be n(3). Let p be 2/u + (13 - -89). Suppose -i + 34 = 9. What is the highest common factor of i and p?
25
Let v = -93 - -93. Suppose -5*g + 2322 + 228 = v. Calculate the greatest common factor of g and 30.
30
Let d = 119 - 116. Let s(r) = 2 + 4*r**2 - 2 - 8. Let l be s(d). Calculate the highest common factor of l and 14.
14
Let c(u) = -8*u + 184. Let v be c(23). Suppose v = 4*p - 8, -2*l - 13*p + 9*p = -424. Calculate the highest common divisor of 182 and l.
26
Let h = 44276 - 37132. What is the greatest common divisor of 608 and h?
152
Let o(m) = -3*m - 4. Let q be o(2). Let b = -8 - q. Suppose 46*v = 45*v + 4. What is the greatest common divisor of b and v?
2
Suppose -1 = j + 2*p, j - 3*p - 1 = 18. Suppose -5*g + 255 = 5*b, -2 = -2*b + 2. What is the highest common divisor of j and g?
7
Let t(b) = 7*b**2 - 271*b + 276. Let w be t(40). What is the highest common factor of w and 12?
12
Let i = -5 + 29. Suppose 366*y - 255*y - 9324 = 0. Calculate the greatest common divisor of y and i.
12
Let h be ((520/30)/(-13))/((-4)/(-6)). Let f be (110/h - -7)*-1. Calculate the greatest common factor of f and 180.
12
Suppose -22*j - 1395 = -31*j. Suppose 160*w - 105 = j*w. What is the highest common divisor of 6 and w?
3
Suppose -5*b = v - 125, -2*v + 13 = 3. Suppose -3*g - n + 505 = 0, 4*g + 4*n = -g + 844. Calculate the greatest common factor of g and b.
24
Let t = 2594 - 2570. What is the highest common factor of t and 200?
8
Let c(s) = -298*s**3 + 2*s + 1. Suppose 3*o - 5*v = 27 - 30, -v + 2 = -2*o. Let d be c(o). Calculate the greatest common factor of 11 and d.
11
Let u be (20/24)/(2/(-12)). Suppose 5*r + 50 = -50. Let k be (-2)/u + (-492)/r. What is the greatest common factor of k and 275?
25
Suppose 5*y = 0, 3*y - 143 = -j + 154. What is the highest common factor of j and 363?
33
Let y = 24 + 0. Let o = -33 + y. Let s be 48*(6/o + 20/12). Calculate the greatest common factor of s and 32.
16
Let r(p) = -p - 1. Let m(h) = 2*h + 32. Let c(b) = m(b) - 3*r(b). Let x be c(-5). Calculate the greatest common divisor of 170 and x.
10
Let g = -5053 + 7588. Calculate the greatest common divisor of 165 and g.
15
Suppose -q - 53 = 5*v - 90, 5*q - 3*v = 157. Suppose q*i - 48*i = -320. What is the highest common divisor of i and 76?
4
Suppose 5*k = k + 28. Suppose 0 = 3*t - k*t - 168. Let m be 3/(((-99)/t)/11). Calculate the highest common divisor of 98 and m.
14
Suppose -5*q = -2*y + 1 + 4, -5*q = -3*y + 10. Suppose -15*i - 144 = 9*i - 6*i. Let a be i + y - -4*4. Calculate the greatest common factor of 104 and a.
13
Let i(n) = -6*n + 3. Let m be i(2). Let h = m - -85. Suppose -91 = -4*d + 137. Calculate the greatest common divisor of d and h.
19
Let z(g) = -279*g - 49887. Let d be z(-179). Let s be 215/4 - 2/(-8). What is the highest common divisor of s and d?
54
Let n be 39 - 31 - (5 + -1 + -14). What is the greatest common divisor of 18 and n?
18
Let r = -3510 - -9588. Calculate the highest common divisor of r and 6.
6
Suppose 0*h + 5*o + 23 = -3*h, -18 = -2*h + 5*o. Let q be 4 - (6 - h)*-1. Let z be (-2)/9 - 398/(-9). Calculate the highest common factor of q and z.
11
Let n(r) = -401*r + 587. Let s be n(1). Calculate the greatest common factor of s and 837.
93
Let q be (1 + -445)*30/(-90). Suppose -6*h + q + 68 = 0. Calculate the highest common factor of 24 and h.
12
Suppose 59*u - 1343 = -753. Calculate the highest common factor of 3670 and u.
10
Let p be 0 + 1 + -5 + 36. Suppose 0 = -6*h + 39 + 9. Suppose -j = j - h. What is the highest common factor of j and p?
4
Suppose 0 = 310*n + 554 - 22874. Let p be (12/(-8))/(2/(-120)). Calculate the greatest common divisor of p and n.
18
Suppose -4*s + 3*s - 4*f = -30, 5*s = -4*f + 86. Let k be (95 - 3)*1/4. Let p be ((-8)/4 + k)*1. What is the greatest common divisor of s and p?
7
Suppose 67*j = -40*j + 19260. What is the highest common factor of 205 and j?
5
Let q = 312 - 310. Suppose -4*i + 32 = 5*f - 138, -q*i = 5*f - 180. Calculate the highest common divisor of 494 and f.
38
Suppose -5*w = 4*b - 6661, -60*b = -4*w - 58*b + 5334. Calculate the highest common divisor of w and 301.
43
L